. Let c = q + 22. What is the units digit of c?
8
Let f = -287 + 442. Let u = f - 109. What is the units digit of u?
6
Suppose -i + o = 6, 0 = -o - 0*o - 2. Suppose -3*c + 1 = 4. What is the units digit of c/4 - 10/i?
1
Suppose -120 = -4*z - 3*s - s, -z + 2*s = -24. Let k = z + 3. What is the tens digit of k?
3
Suppose 3*f + 3*d - 13 - 50 = 0, 2*d - 26 = -f. What is the units digit of f?
6
Let k(p) = -5*p**2 + p. Let v be k(1). Let a(m) = 9*m - 1. Let g(n) = 5*n. Let o(x) = -4*a(x) + 7*g(x). What is the units digit of o(v)?
8
Suppose -5*w = -3*w. What is the units digit of (w + -2 - 0)*-1?
2
Suppose -3*w - 6*l = -l - 128, -54 = -w + 4*l. Let n = -30 + w. What is the units digit of n?
6
Let u(q) = -2. Let n(m) = m - 3. Let j(z) = -3*n(z) + 5*u(z). Let t be j(-3). Suppose 0 = -3*s - s + t. What is the units digit of s?
2
Suppose 2*f + 3*m = 171, 3*f + 3*m - 212 - 37 = 0. What is the tens digit of f?
7
Suppose -2*a + u + 147 = 2*a, -5*a + 171 = 3*u. Suppose 2*z + 8 - a = 0. What is the units digit of z?
4
Suppose d - 3*d + 24 = 0. Let n = -11 + d. What is the units digit of n?
1
Suppose -3*m + 6 = -3*l - 144, -3*m - 2*l = -140. Suppose 4*f = -0*f + m. What is the units digit of f?
2
What is the tens digit of ((-9)/((-180)/35))/(2/64)?
5
Let s be 2 + (0 - 2 - -3). What is the units digit of 1/((-2)/(-114)*s)?
9
Let g be (-6)/4*4/(-6). Let x = g - -3. Suppose x*h = -2*w + 52, -5*h + w = -3*w - 52. What is the tens digit of h?
1
Let o = -5 - -7. Suppose -6*m + m = -5*z + 85, -o*m = -3*z + 47. What is the units digit of z?
3
Suppose 5*i + 4*f - 119 = 179, 5*f = -15. What is the units digit of i?
2
Suppose 15 = -3*l + 3*h + h, 10 = -2*l - 2*h. Let g be (-6)/l + 4/(-20). What is the units digit of (-2 + g)/(2 - 3)?
1
Suppose 2*g + 0*g - 276 = 0. What is the units digit of g/15*(-25)/(-10)?
3
Let r(i) = i**3 - 15*i**2 - 14*i + 7. What is the units digit of r(16)?
9
Suppose 2*v = -3*z - 1, -2*v + 2*z + 19 = 5. Suppose -p = -v*p + 39. What is the tens digit of p?
1
Let g = -8 - -10. Suppose 60 = g*q + q. What is the units digit of q?
0
Suppose 3*l + r + 2*r - 90 = 0, -15 = 3*r. What is the tens digit of l?
3
Suppose 14*g = 9*g. What is the units digit of g/(-1) - (-29 - -2)?
7
Let n(o) = 0 + 3*o**2 + 0 + 1 + 1. What is the units digit of n(-2)?
4
Suppose -17*w + 16 = -15*w. What is the units digit of w?
8
Suppose 0*z + 2*z - 7 = -s, 0 = z + 4*s - 7. Let m(c) = -c**3 + 5*c**2 - 5*c + 2. What is the units digit of m(z)?
5
Let a(r) = -r**3 - 14*r**2 + 11*r. Let h(u) = -u**3 - 13*u**2 + 12*u - 1. Let b(q) = 2*a(q) - 3*h(q). What is the units digit of b(-12)?
7
Suppose -2*f + 63 = -3*o, f + 0*o - 30 = 2*o. What is the units digit of f?
6
Suppose 43 + 32 = 5*v. Suppose -4*p + 5*a = 7, -5*a + v = -0. What is the units digit of p?
2
Let b(r) = -r**3 + 6*r**2 + 7*r + 1. Let n be b(7). Let z(j) = j**2. Let q be z(n). What is the units digit of 0 + -2 + 5/q?
3
Let c be 4/(-10) + 14/10. Let z be -2*(-3)/(-5 - c). What is the units digit of -1 + 1 + (z - -3)?
2
Suppose 2*d = 5*n + 192, d + n - 68 - 21 = 0. What is the units digit of d?
1
Suppose -2*d = -6*d + 132. What is the units digit of 6/d - (-172)/22?
8
Let t(h) = 2*h**2 - 2*h - 5. Let y be (-7 + 1)*4/(-6). Let q be t(y). Suppose 3*r + 3*s = -1 + q, -3 = r - 2*s. What is the units digit of r?
3
What is the units digit of (24/40)/((-2)/(-90))?
7
Let n = -55 - -120. What is the units digit of n?
5
Suppose -11 = -5*s - d, -2*s - d + 2 = -3. Suppose s*h = 3*h - 34. What is the tens digit of h?
3
Let j(n) be the third derivative of n**4/24 + 7*n**3/6 + n**2. Let s be j(-5). Suppose s*i + 2*i = 16. What is the units digit of i?
4
Let d be 4/(-6) + (-2)/(-3). Let m be d/(3/1) - -10. Suppose -2*s + 52 = 4*j, -4*s + m = -6. What is the units digit of j?
1
Let k(w) be the first derivative of -w**5/60 + w**4/4 + 5*w**3/6 - w**2 - 1. Let m(c) be the second derivative of k(c). What is the units digit of m(6)?
5
Let s be (8/10)/((-2)/10). What is the units digit of ((-10)/s)/(2/4)?
5
Suppose -586 = -3*m - 100. Suppose 4*b = -2*k + 72 + 36, -3*k - 5*b = -m. What is the units digit of k?
4
Let b be (7 + -4)/(2/4). What is the tens digit of (2 - -1)*32/b?
1
Suppose -2*j - 76 = -2*y + 658, 0 = 3*y + 5*j - 1141. What is the tens digit of y?
7
Suppose 0 = 2*a + 5*q - 155, -228 = -0*a - 3*a - 3*q. Suppose 3*z - a = -15. What is the tens digit of z?
2
Let m be (-44)/(-10) - 4/10. Suppose -2*d - 41 = -w - 2*w, -d - m = 0. What is the units digit of w?
1
Let w(v) = v**3 + v**2 + v + 3. Let x be w(0). Suppose n - 4*a = -3*a, 5*n - 4 = x*a. What is the units digit of n?
2
Suppose 0*m = 2*n - m - 282, 270 = 2*n - 4*m. What is the tens digit of n?
4
Let t(a) = a**2 + a - 1. Let s be t(-3). Let d be (-2 + s)*1/(-3). Let i = 5 + d. What is the units digit of i?
4
Let t(j) = -j**3 - j**2 + 2*j + 2. Let p be t(-2). Suppose p*g + 6 - 16 = 0. What is the units digit of g?
5
Let b(a) be the third derivative of -a**6/120 + a**5/15 - 2*a**3/3 + a**2. Suppose 0 = -i - i, 5*p - 2*i - 15 = 0. What is the units digit of b(p)?
5
Suppose -3*i - 2*y = -3*y - 206, 4*i - 281 = -5*y. Suppose 0 = -5*m + 194 - i. What is the tens digit of m?
2
Let i(k) = k**3 - 7*k**2 + 6. Let m be i(7). Let o(u) = 10*u**2 + 2*u + 3*u - m*u - u - 1. What is the units digit of o(-1)?
1
Suppose -3 = -2*i + 15. Suppose 3*p + 0*p = i. What is the units digit of p?
3
Let r(y) = -2*y + 4. Let h be r(6). Let b be ((-9)/(-6))/(6/h). What is the tens digit of (4/6)/(b/(-33))?
1
Let l = 7 - 4. Suppose -l*b + 5*r + 80 = 0, -b - 4*r = b - 24. What is the tens digit of b?
2
Suppose -4*r - 12 = -5*z + 3*z, 3*z = -3*r + 36. Suppose -3*q = 1 - z. Suppose -5*w - 3*c = -34, -w + c = -q*c - 16. What is the units digit of w?
8
Let b = 5 - 0. Let x(y) = y**3 - 4*y**2 - 3*y - 5. What is the units digit of x(b)?
5
Let b(u) = -18*u - 5. What is the tens digit of b(-3)?
4
Let g = -44 - -88. What is the tens digit of g?
4
Let r(q) = -q**2 + 6*q - 5. Let t be r(4). Let s = 3 - 3. Suppose s = z - t - 2. What is the units digit of z?
5
Suppose -5*b = -2*j - 40, 0 = 4*b - 2*j - 3*j - 49. Suppose 11 - b = h. What is the units digit of h?
5
Let q = 12 - 10. Let n be -2*((-21)/(-6) + -1). Let y = q - n. What is the units digit of y?
7
Suppose 2*p + 5*x + 0*x = -19, 4*p - 32 = 4*x. Suppose 2*z - 14 - 30 = 0. Suppose 2 + z = p*r. What is the units digit of r?
8
Let l = 219 - 129. What is the units digit of l?
0
Let g(d) = -d**3 - 7*d**2 + 10. Let w be g(-7). Let n = -3 + w. What is the units digit of n?
7
Let s = -5 - 1. Let i = s + 8. Suppose -o = 2*k, 5*o = 2*o + i*k + 16. What is the units digit of o?
4
Let k(q) = -q + 9. Let b(x) = -x**2 + 9*x - 8. Let m be b(7). Let o be k(m). Suppose -3*u = 2*v - 4 - 1, -25 = -o*v - u. What is the units digit of v?
0
Let x = 317 - 188. What is the hundreds digit of x?
1
Suppose -2*m - 2 = -10. Let c(n) = -2 + m + n + 0. What is the units digit of c(0)?
2
Let u = 36 + -2. What is the tens digit of u?
3
Let m = 516 - 284. What is the units digit of m?
2
Suppose -3*y + y + 2 = -2*l, 10 = 2*y. Suppose d - 36 = -0*d - 3*o, 0 = 4*o - l. What is the units digit of d?
3
Let g(x) = -2*x - 1 - 4*x - x**2 - 2. Let f = 4 - 8. What is the units digit of g(f)?
5
Let v be ((-3)/2 - -1)*0. Suppose v*m + 60 = 4*m. What is the tens digit of m?
1
Let v = 96 - 51. Suppose v = 5*b - 30. What is the units digit of b?
5
Suppose -g + 1881 = 18*g. What is the units digit of g?
9
Suppose -2*b = -3*b - 2*o + 129, -395 = -3*b - 2*o. What is the units digit of b?
3
Let n(f) = f. Let u(m) = -14*m**3 + m**2 - 3*m + 1. Let c(i) = 5*n(i) + u(i). Let y be c(-1). Suppose y - 3 = r. What is the units digit of r?
1
Suppose -3 = -2*g - 1. Suppose 19 - g = 3*f. Suppose s + f = 17. What is the tens digit of s?
1
Suppose 3*a - 4*l = 199, 0*l + 53 = a - 4*l. What is the units digit of a?
3
Suppose 5*q + 3 - 18 = 0. Suppose 0*c = c - 5*l + q, -c + 4*l = -2. What is the tens digit of c?
2
Suppose -2*l - 10 = 3*l. Suppose -3 - 3 = -2*h. Let q = l + h. What is the units digit of q?
1
Suppose 3*p - 447 = f, f - 483 - 106 = -4*p. What is the hundreds digit of p?
1
Let s = -12 + 20. Let k = 12 - s. Let x = k + 1. What is the units digit of x?
5
Suppose 0 = 121*y - 117*y - 576. What is the hundreds digit of y?
1
Sup